 p. What are the prime factors of c?
2, 17
Suppose 0 = 5*l + 3*k - 43, 0 = 5*l + 5*k - k - 39. Let f = l + -6. Suppose 0 = -4*d + f*g + 77 + 39, 5*d - 150 = 5*g. List the prime factors of d.
2, 17
Let c(b) = 79*b - 24. Let u be c(18). Suppose -2*s + 3*l = s - u, -1 = -l. Let a = s + -268. List the prime factors of a.
199
Let p(a) = 0 + 7*a**2 + 4 - a - 3. Let d(c) = 2*c**3 - 32*c**2 + 29*c + 12. Let i be d(15). List the prime factors of p(i).
67
Let x = 26 - 24. Let y(w) = 3*w**2 - 3*w**2 + 2*w**x + 12 + 4 - w. List the prime factors of y(6).
2, 41
Let v(o) = -o**3 - 4*o**2 - 5*o - 7. Let i be (-160)/50 + 2/10. Let z be v(i). List the prime factors of (45 - -2) + (z - -2 - 0).
2, 3
Let j = -69 - -122. Let p = j + -48. Suppose 2*x - 590 = -7*c + 2*c, 0 = 3*c - p*x - 385. List the prime factors of c.
2, 3, 5
Suppose 2*m = -4*y + 284, -4*m + 2*y + 29 + 529 = 0. Let d(n) = -5*n - 4. Let u be d(-5). Suppose -u = f - m. What are the prime factors of f?
7, 17
Let r(b) be the third derivative of 63*b**5/20 - b**4/24 + 7*b**3/3 - b**2 - 18*b. What are the prime factors of r(2)?
2, 3
Suppose 17 = 6*d - 7. Suppose -6*g = -4*g + 2*i + 120, -237 = d*g + i. What are the prime factors of -22*g/8 + 18/24?
163
Suppose 5*n - 141 = 2*z, -35 = -n - 2*z - z. Let q = n - 24. Suppose q*u + 657 = 14*u. What are the prime factors of u?
73
Suppose 2*d = 4*v + 3782, d = -d + 3*v + 3786. Let u be (8*(-27)/252)/((-3)/14). Suppose -5*l + d = u*l. What are the prime factors of l?
211
Let u = -10150 + 17660. List the prime factors of u.
2, 5, 751
Suppose 0 = 19*f - 17*f + 22. Let j = -12 - f. List the prime factors of 116 - (-2 - j)*4.
2, 3, 5
Let v(h) = h**2 + 24*h + 25. Let d be v(-23). Suppose -5*l - d*k = -4*l - 316, -5*k - 623 = -2*l. List the prime factors of l.
2, 157
Let s = -32 - 102. Let n be 0 + (s - 2) + 4. Let a = n - -267. What are the prime factors of a?
3, 5
Suppose -5*t = -15, 4*t = -2*f + 2*t + 2. List the prime factors of (3 - 33544/(-154)) + f/(-11).
13, 17
Let m be ((-12)/14)/(36/(-168)). Let g(r) = 2*r - 2. Let n be g(m). Suppose -n = 5*h - 341. List the prime factors of h.
67
List the prime factors of 1 + 20/(-14) + (354591/(-21))/(-3).
2, 3, 7, 67
Let d(g) = g**3 + 2*g**2 - 7*g - 6. Let q be d(-4). Let y be (-5)/q + 7/2. Suppose 0 = -4*u, -3*l + y*u + 222 = u. What are the prime factors of l?
2, 37
Suppose -f = 4*d + 462, -d - 163 = 3*f + 1245. Let p = f - -746. List the prime factors of p.
2, 3, 23
Let c(g) = 33*g**2 - 45*g - 297. List the prime factors of c(-37).
3, 5, 29, 107
Suppose -2*z - 5*m = -81000, 4*z + 42*m = 39*m + 161972. What are the prime factors of z?
2, 5, 4049
Let b(k) = 30*k**2 - 23*k + 69. What are the prime factors of b(4)?
457
What are the prime factors of (-1061375)/(-25) - -1*(-5 - 3)?
3, 14149
Suppose -175*i + 2661420 + 5093705 = 0. List the prime factors of i.
5, 8863
Let h = 56025 + -35306. What are the prime factors of h?
20719
Suppose 0 = 261*n - 280*n + 165528. List the prime factors of n.
2, 3, 11
Let p(w) = 2*w**2 + 5*w - 2. Suppose 0 = 4*l + i - 24 + 1, 3*l - 36 = 3*i. What are the prime factors of p(l)?
131
Suppose -j + 10 = i, 8*j - 2*i = 6*j. Suppose 2*s = j*d + 22, -10 - 44 = -2*s - 3*d. What are the prime factors of s?
3, 7
Let u = 735 - 357. Suppose -10*j = -7*j - u. Suppose -2*x = -a - 147 + 9, -5*a = 2*x - j. What are the prime factors of x?
2, 17
Let q = 16883 + -3396. What are the prime factors of q?
13487
Suppose 4*a + 3 - 11 = 0, -3*j - 18 = 3*a. What are the prime factors of (-3642)/j*2*(-84)/(-126)?
607
Let r(p) = 7*p**2 + 4 - 33*p**3 + 2*p - 16 + 29*p**3. List the prime factors of r(-5).
653
Let f(b) be the first derivative of b**4/4 + 7*b**3/3 - 13*b**2/2 - 7*b + 640. Suppose l + 4 = -w, -2*l - 19 + 60 = -5*w. List the prime factors of f(w).
2, 3, 7
Let r(f) = 6*f**2 + 6*f + 17. Let c be r(10). Let u = -217 + c. What are the prime factors of u?
2, 5, 23
Let j(g) = -76*g**3 - 7*g**2 - 22. What are the prime factors of j(-8)?
2, 3, 43, 149
Suppose -h - 5 = 0, 27*j - 40794 = 23*j - 2*h. What are the prime factors of j?
101
List the prime factors of 3184/(13 - 10 - 2).
2, 199
Let d = -3074 + 14977. List the prime factors of d.
11903
Let t(b) = -47*b - 48. Let f be t(-6). Suppose 6*j - f - 36 = 0. What are the prime factors of j?
3, 5
Let u = -78 - -80. Let s be (4 - 2) + 0 - 1. List the prime factors of u/4*(233 - (2 + s)).
5, 23
Let r be 39/(-195) - 62/(-10). Suppose -r*y - 1483 + 5575 = 0. List the prime factors of y.
2, 11, 31
Let v(o) = 2*o**3 + 17*o**2 + 13*o + 16. Let d be v(-8). What are the prime factors of 6/d - (-1913)/4?
2, 239
Let a = 91 + -98. List the prime factors of (1 - (a + 16)) + 125.
3, 13
Suppose -f = 13*n - 9*n - 74589, -5*n + 2*f + 93246 = 0. What are the prime factors of n?
2, 3, 7, 37
Let g(m) = -6524*m + 1109. What are the prime factors of g(-3)?
20681
Let c(h) be the third derivative of 17*h**4/24 + 4*h**3/3 + 23*h**2. Suppose 3*v = -6*v + 81. What are the prime factors of c(v)?
7, 23
Let p = -21239 + 62990. List the prime factors of p.
3, 4639
Suppose 2*b = -4*h + 110552, -72*h + 5*b = -74*h + 55268. List the prime factors of h.
3, 37, 83
Let w = 574 - 556. Let m(q) = 68*q - 199. List the prime factors of m(w).
5, 41
Suppose 0 = 32*h - 45*h + 87867. Suppose -h = -7*k - 2*k. List the prime factors of k.
751
Let j(l) = 164*l**2 + 2*l + 1. Let b be j(-1). Let y = 340 + -280. Let f = b - y. List the prime factors of f.
103
Let o(v) = 7*v**3 + 2*v**2 + 8*v. Let h be o(10). Let t be (h/42)/((-2)/(-6)). Suppose 0 = -4*z - 5*g + t, 0*g = z + g - 129. List the prime factors of z.
5
Let f be -2 - (2 - 6) - -2. Suppose -529 = -m - 3*l, 2*m + m - 5*l - 1601 = 0. Suppose f*r + g - m = -g, -g = r - 134. What are the prime factors of r?
2, 3, 11
Let g(d) = 290*d**2 - 83*d + 5. What are the prime factors of g(-5)?
2, 5, 13, 59
Let j = 1130 + 641. List the prime factors of j.
7, 11, 23
Let x(i) = -2*i**2 + 23*i - 60. Let g be x(6). Suppose -5*p = -1886 + g. List the prime factors of p.
2, 47
Suppose -m = 1, 5*w + 25*m = 26*m + 36116. What are the prime factors of w?
31, 233
Suppose -86908 = -13*l + 105336. Suppose 19232 = 20*m - l. What are the prime factors of m?
3, 7
What are the prime factors of (0 - 1753)/((-7)/(-252)*-9)?
2, 1753
Let y(l) = -4*l - 83. Let w be y(-20). Let z(u) = 81*u**2 - 2. What are the prime factors of z(w)?
727
Suppose -56711 - 3049 = -36*v. List the prime factors of v.
2, 5, 83
Let o = -254 + 344. Suppose -83*t = -o*t + 1183. List the prime factors of t.
13
Suppose -t - 1292 = -4*s, 2*s + 42*t - 43*t = 644. Let u = -125 + s. List the prime factors of u.
199
List the prime factors of ((-234)/(-195))/((-6)/12680)*-10.
2, 5, 317
Suppose 3*m + 2*r + 7520 = 0, 0 = -4*m - 2*r + 5110 - 15136. Let u = m + 3642. What are the prime factors of u?
2, 71
Let r(a) = -a**3 - 6*a**2 - 6*a + 5. Let c be 6/(-21) + (-282)/(-7). Suppose -12*q = -17*q - c. What are the prime factors of r(q)?
181
Suppose -9*q = -2*q - 42. Suppose 16 = 2*v + q. Suppose h + 4*h = -v*z + 315, -4*h + 78 = z. List the prime factors of z.
2, 29
Let g = 508 + -1780. Let h = g - -2002. List the prime factors of h.
2, 5, 73
Let b be (2 - (-2 + -13))*(-83 + 112). Let y = b - -370. List the prime factors of y.
863
List the prime factors of 45*12*(-2148)/(-240).
3, 179
Let u(m) = -59*m**3 - m**2 + 8. Let p be u(-2). Suppose q - 6*q = -o + 690, 0 = -3*o - 3*q + 2016. Let t = o - p. List the prime factors of t.
199
Let n(s) = s. Let l(k) = -6*k + 30. Let u(b) = -l(b) + 3*n(b). Let h(f) = -f. Let p(w) = 6*h(w) + u(w). What are the prime factors of p(13)?
3
Let h(x) = x**3 - 26*x**2 - 31*x + 8. Let c be h(28). Suppose 1627 = 5*p - c. What are the prime factors of p?
467
Suppose 0 = 146*u - 3389795 - 467963. List the prime factors of u.
26423
Let k(c) = -2*c + 163. Let q(l) = 8*l - 491. Let z(h) = 7*k(h) + 2*q(h). List the prime factors of z(-30).
3, 11
Suppose -3*q = 3*c - 0 - 6, -5*q = -c - 22. List the prime factors of (-227)/2*q*5/(-10).
227
Let c = -18 + 20. Let m(z) = -c*z + 0 + 17 - 42 + 5*z + 10*z**2 - z**3. List the prime factors of m(7).
11, 13
Let r(g) = 31*g**2 - 10*g + 22. Let o = -216 - -222. What are the prime factors of r(o)?
2, 7, 11
Let t(i) = i**2 + 11*i + 31. Let x be t(-9). Suppose 8*p - 4612 = 4*p. 